se 16?
6012
Convert 10001210221 (base 3) to base 10.
60370
Convert 2312 (base 4) to base 12.
132
What is -2919 (base 14) in base 11?
-5514
Convert -1853 (base 9) to base 8.
-2621
553 (base 13) to base 8
1621
Convert 31773 (base 8) to base 10.
13307
1236 (base 7) to base 10
468
6810 (base 10) to base 12
3b36
What is -164 (base 11) in base 3?
-21002
What is 11302032 (base 4) in base 2?
101110010001110
Convert -174a5 (base 11) to base 7.
-131411
What is 4310 (base 6) in base 4?
33102
Convert -43202 (base 5) to base 13.
-1442
Convert 312011 (base 5) to base 13.
488c
1122 (base 3) to base 15
2e
Convert -5273 (base 9) to base 14.
-15a9
What is -2111201 (base 3) in base 4?
-130210
What is 2203 (base 7) in base 11?
656
1108 (base 9) to base 11
684
Convert 4 (base 7) to base 4.
10
Convert 334 (base 11) to base 4.
12100
-8b9 (base 12) to base 4
-110031
-42042 (base 5) to base 3
-10210200
-12a74 (base 12) to base 4
-12101320
Convert 108 (base 10) to base 4.
1230
1001011111 (base 2) to base 11
502
Convert -627 (base 14) to base 6.
-5335
Convert -3a95 (base 11) to base 14.
-1d11
-72a6 (base 12) to base 5
-400020
Convert -322112 (base 4) to base 8.
-7226
What is 3588 (base 15) in base 12?
6702
-4729 (base 14) to base 16
-3061
Convert -334 (base 9) to base 14.
-158
62b (base 12) to base 3
1020022
136 (base 14) to base 9
301
Convert -c84 (base 15) to base 13.
-1393
What is 1000001000001000 (base 2) in base 12?
17320
366 (base 14) to base 10
678
Convert 10013311 (base 5) to base 9.
130576
Convert -abd (base 15) to base 16.
-97c
What is -1162a (base 13) in base 16?
-7c40
Convert -21 (base 5) to base 4.
-23
212 (base 11) to base 5
2010
-20732 (base 10) to base 12
-bbb8
-211211 (base 5) to base 2
-1101110010000
-451041 (base 6) to base 10
-37825
Convert -205541 (base 6) to base 13.
-7882
Convert 354421 (base 7) to base 4.
33220021
What is -11071 (base 9) in base 4?
-1302322
-20e (base 15) to base 12
-328
What is 16357 (base 11) in base 6?
254420
Convert 101111001101101 (base 2) to base 10.
24173
-20111221 (base 3) to base 4
-1022032
20212212 (base 3) to base 2
1001110011010
-b0 (base 12) to base 11
-110
Convert 12323 (base 6) to base 5.
24401
1101100101111 (base 2) to base 14
2771
What is 42223 (base 5) in base 13?
1385
Convert -10101122 (base 3) to base 2.
-100110101010
8ef (base 16) to base 8
4357
What is -25126 (base 7) in base 4?
-1212322
What is 1102403 (base 5) in base 7?
106460
Convert -11021222102 (base 3) to base 6.
-1451232
1847 (base 10) to base 16
737
What is -22531 (base 6) in base 3?
-11102101
Convert 315 (base 7) to base 10.
159
-50a (base 12) to base 11
-604
Convert -23430 (base 9) to base 6.
-200300
Convert -10100010 (base 2) to base 9.
-200
-210211 (base 3) to base 12
-411
What is -c369 (base 13) in base 15?
-7ec3
4367 (base 13) to base 10
9380
What is ec7c (base 16) in base 7?
341334
What is 1063 (base 11) in base 13?
839
-12330 (base 4) to base 7
-1203
-5330 (base 7) to base 9
-2522
What is 24673 (base 8) in base 7?
43101
Convert 122002210 (base 3) to base 10.
12468
2531 (base 8) to base 3
1212201
Convert 7693 (base 11) to base 10.
10145
Convert 1110111111110 (base 2) to base 13.
3658
Convert 1684 (base 9) to base 11.
a74
What is 343 (base 6) in base 16?
87
What is 10a7 (base 16) in base 15?
13e3
Convert 673 (base 8) to base 12.
30b
-8555 (base 10) to base 14
-3191
Convert 3313213 (base 4) to base 3.
210201221
Convert -2211111 (base 3) to base 7.
-6010
Convert 1122221 (base 3) to base 12.
851
a3c (base 14) to base 15
8e4
31022 (base 6) to base 5
112433
Convert -2833 (base 9) to base 3.
-2221010
47c7 (base 13) to base 3
111220100
Convert -1012022 (base 3) to base 2.
-1101101000
-10110011011111 (base 2) to base 3
-120202110
785 (base 10) to base 5
11120
Convert -38b (base 14) to base 6.
-3143
What is -26384 (base 9) in base 16?
-4597
123021 (base 4) to base 7
5031
Convert 4537 (base 15) to base 9.
22117
Convert 110202111 (base 3) to base 13.
4306
Convert -1520 (base 8) to base 15.
-3b8
What is -1233200 (base 4) in base 10?
-7136
Convert 1177 (base 8) to base 12.
453
What is 101001101 (base 2) in base 13?
1c8
105 (base 9) to base 10
86
Convert 2210102 (base 3) to base 16.
7f4
Convert 5865 (base 12) to base 2.
10011010001101
11111111 (base 2) to base 4
3333
What is 6 (base 16) in base 9?
6
-851a (base 12) to base 10
-14566
Convert 6315 (base 7) to base 8.
4251
-1000210 (base 3) to base 10
-750
What is 4051 (base 6) in base 4?
31333
-fba (base 16) to base 6
-30350
What is -488 (base 14) in base 8?
-1610
1811 (base 13) to base 3
11212222
Convert -11011101010100 (base 2) to base 3.
-201102121
2530 (base 10) to base 3
10110201
What is -913 (base 14) in base 13?
-a70
What is -1052 (base 6) in base 10?
-248
What is -1020022212 (base 3) in base 13?
-b09c
344 (base 6) to base 2
10001000
2577 (base 11) to base 16
d17
Convert 13313201 (base 4) to base 12.
16795
Convert 6351 (base 8) to base 3.
11112102
-4047 (base 8) to base 13
-c47
What is -412 (base 10) in base 5?
-3122
Convert 1a4 (base 13) to base 14.
179
Convert b208 (base 14) to base 5.
1434314
What is 23465 (base 7) in base 6?
44042
15b6 (base 13) to base 6
22435
What is 901 (base 11) in base 10?
1090
Convert 2025 (base 6) to base 7.
1211
-1480 (base 10) to base 15
-68a
What is -2403 (base 9) in base 6?
-12133
Convert -1101001110 (base 2) to base 12.
-5a6
-1000 (base 5) to base 11
-104
d593 (base 14) to base 5
2134111
33c (base 14) to base 3
212210
1341302 (base 5) to base 3
1102000000
Convert -4454 (base 7) to base 3.
-2012112
-2420 (base 9) to base 14
-928
-4563a (base 11) to base 4
-100013010
Convert 23314 (base 5) to base 15.
78e
Convert -395 (base 15) to base 12.
-57b
21101021 (base 3) to base 12
3144
Convert 888 (base 13) to base 4.
112320
Convert 27f (base 16) to base 7.
1602
Convert 454330 (base 6) to base 12.
1a3a6
-483a (base 12) to base 5
-224420
-329 (base 13) to base 2
-1000011110
What is -14191 (base 11) in base 8?
-47332
618 (base 13) to base 9
1370
What is 220 (base 11) in base 5?
2024
What is -783f (base 16) in base 7?
-155514
Convert -4706 (base 12) to base 8.
-17366
What is -5513 (base 7) in base 9?
-2628
Convert b95 (base 12) to base 5.
23242
What is 212000220 (base 3) in base 15?
4e96
744 (base 13) to base 15
579
What is 612 (base 10) in base 8?
1144
-8201 (base 11) to base 3
-112221101
-11962 (base 13) to base 8
-77147
What is -420002 (base 5) in base 4?
-3112320
2403 (base 8) to base 4
110003
Convert 12121022 (base 3) to base 16.
ff5
-2263 (base 8) to base 2
-10010110011
What is -100000000 (base 2) in base 3?
-100111
Convert 21211 (base 4) to base 2.
1001100101
211020 (base 3) to base 11
4a6
Convert 343 (base 5) to base 10.
98
Convert -27bb (base 15) to base 4.
-2010311
35353 (base 6) to base 7
20616
Convert 2572 (base 13) to base 15.
18a7
Convert 3144 (base 7) to base 13.
675
What is 1232231 (base 4) in base 15?
2175
-14112 (base 5) to base 13
-6b0
-75ae (base 16) to base 4
-13112232
-103 (base 11) to base 16
-7c
-13d (base 14) to base 11
-209
What is 763 (base 13) in base 2?
10011110000
What is -232212 (base 4) in base 2?
-101110100110
1003442 (base 5) to base 2
11111011111010
204 (base 9) to base 4
2212
100101001100 (base 2) to base 13
1111
What is -1201 (base 3) in base 11?
-42
Convert -10111 (base 9) to base 7.
-25252
1014 (base 6) to base 13
145
Convert -442 (base 12) to base 8.
-1162
306 (base 15) to base 6
3053
Convert -341 (base 6) to base 8.
-205
What is 140301 (base 6) in base 14?
4a97
Convert -1254 (base 7) to base 8.
-740
Convert -13103 (base 5) to base 4.
-100010
-10020222 (base 3) to base 8
-4507
Convert -101101 (base 4) to base 15.
-4da
What is -58763 (base 9) in base 13?
-14b41
Convert 122211 (base 5) to base 15.
15c1
What is 1463 (base 9) in base 13?
675
-3aa9 (base 16) to base 6
-153305
What is -2ca (base 13) in base 11?
-419
Convert 300211 (base 5) to base 9.
13838
159 (base 16) to base 8
531
What is 26c6 (base 13) in base 4?
1113002
What is 10220022 (base 4) in base 8?
45012
What is 29b9 (base 13) in base 16?
17b3
What is 1010001000101 (base 2) in base 6?
40005
What is -201022011 (base 3) in base 9?
-21264
442221 (base 5) to base 8
35717
What is 4140 (base 5) in base 15?
265
-4111 (base 10) to base 9
-5567
c1c (base 13) to base 14
a69
What is 10 (base 